nd 11.
11
Let z be ((-3)/18*-4)/((-2)/(-261)). What is the highest common divisor of z and 3?
3
Suppose 3*c - 44 + 20 = 0. Let g(k) = -k**3 + 7*k**2 + 6*k. Let i be 24/2*(-1)/(-2). Let q be g(i). Calculate the highest common factor of c and q.
8
Suppose -4*s = -1 - 15. Suppose q = -5*m + 4 + s, m + 53 = 4*q. What is the highest common factor of q and 26?
13
Let k(y) = 23*y**2 + 0*y + 6*y - 3*y - 5*y. Let h = -78 + 76. Let s be k(h). Calculate the greatest common factor of s and 64.
32
Let j be 1 + 1 + 1 + 29. Let p be ((-20)/6 + 4)*-33. Let y = p + j. Calculate the greatest common divisor of 90 and y.
10
Let v = 8 - 8. Suppose v = -2*j + j + 3. Let q be 0 + j/3*35. What is the highest common factor of 7 and q?
7
Suppose -c + 23 = -4*i - i, -4*c = -3*i - 92. Let n = c - -2. What is the greatest common factor of 100 and n?
25
Let w(i) = i**2 + 10*i - 10. Let m be w(-12). Suppose -m*a + 28 = -10*a. Suppose 3*g - a = 35. What is the greatest common factor of g and 35?
7
Suppose -84*y - 144 = -88*y. Calculate the highest common factor of 126 and y.
18
Suppose -220 = -11*b - 0*b. Suppose 0 = 8*i + 95 - 495. What is the highest common divisor of i and b?
10
Suppose 48 + 43 = 2*a - 5*m, -3*a = -3*m - 141. Calculate the highest common divisor of 80 and a.
16
Suppose 0 = q + 2*d - 20, -q = -5*q - 3*d + 70. What is the highest common factor of q and 16?
16
Let q be 8/(-98)*7*70/(-4). Calculate the highest common divisor of 65 and q.
5
Let n(b) be the second derivative of b**3/6 - 5*b**2 - 10*b. Let m be n(14). Calculate the greatest common factor of m and 1.
1
Suppose -3063 = -31*b + 6423. Let l = -2 - -3. Let k be ((-74)/(-6) - l)*3. Calculate the highest common factor of b and k.
34
Suppose -3*v = 5*i - 5, -v - 3*i = 1 - 4. Suppose -2*a + 4 + 32 = v. Calculate the greatest common divisor of 90 and a.
18
Let q = -169 + 173. Let a(n) = -n - 3. Let i be a(-6). Let g be (i - 3)/q + 2. Calculate the greatest common divisor of 10 and g.
2
Let j be 4 - ((-40)/12 + (-4)/6). What is the highest common divisor of j and 576?
8
Let b = -2379 - -2409. What is the greatest common factor of b and 960?
30
Suppose 0*l = -2*l + 12. Let j be 0/(2 - l) + 17. Calculate the highest common divisor of j and 136.
17
Let o be -1 - (9 + 9065)/(-13). Calculate the highest common divisor of o and 82.
41
Let l be 2*8 - (1 + 1). Let s be ((-1)/(-3)*4)/(5/15). Suppose -5*z - 3 = -2*y - 0*z, -s*y + 5*z = -31. What is the greatest common factor of l and y?
14
Let l(k) be the third derivative of -k**6/120 - k**5/10 + 5*k**4/24 - k**3/6 + 12*k**2. Let w be l(-7). Calculate the greatest common divisor of 26 and w.
13
Suppose c - 4*t = 43, -c = 4*t - 2*t - 31. Let m(z) = -z**3 - 2*z**2 + 14*z + 10. Let r be m(-6). What is the highest common factor of c and r?
35
Let w be ((-102)/(-18))/((-1)/(-15)). Suppose -3*l = 7 - w. Let t = l - 11. What is the highest common divisor of t and 6?
3
Suppose h = 4 + 7. Let r be h + (4 - (-32)/(-4)). Calculate the greatest common divisor of 21 and r.
7
Let n(v) = -v**2 + 19*v + 72. Let f be n(21). Suppose 2*o - 6 = -o. Suppose -z + 90 = o*z. What is the greatest common factor of f and z?
30
Suppose 320 = 10*h - 0*h. Let s = -272 - -274. Calculate the highest common factor of h and s.
2
Let v(b) = 8*b - 38. Let o be v(6). Calculate the highest common divisor of o and 30.
10
Let t = 37 + -19. Suppose -5 + 1 = q, q = -5*p + 6. Suppose 0 = -p*l - 5*k + 7 + 6, 5*l - 2*k - 47 = 0. Calculate the highest common divisor of l and t.
9
Suppose -4*s - 3*z + 116 - 13 = 0, 2*s - 64 = -4*z. Let i be 6/(-15) + 112/5. Calculate the highest common factor of i and s.
22
Let y(q) = 28*q**2 - 168*q - 6. Let j be y(7). Calculate the greatest common factor of j and 30.
10
Let x(a) = -a**2 + 10*a + 25. Let k be x(11). Suppose 2*t + 0*t = k. What is the greatest common factor of t and 7?
7
Let f(n) = -3*n**2 - 18*n + 31. Let u(a) = -a**2 - a + 1. Let s(d) = f(d) - 2*u(d). Let o be s(-14). Calculate the greatest common divisor of 38 and o.
19
Let l be 1 - -1 - (1 - -37). Let a = l + 39. What is the highest common factor of 3 and a?
3
Let v be 17/(-5) + ((-32)/20)/(-4). Let x be ((-2)/v)/(9/((-567)/(-2))). What is the greatest common divisor of 3 and x?
3
Suppose 60 = -5*n + r, 0 = -3*r + 4*r - 5. Let t(a) = -a - 2. Let c be t(n). What is the highest common divisor of c and 99?
9
Let p be (-74)/(-4) - 12/(-24). Calculate the highest common factor of p and 228.
19
Let k(l) = -8*l**2 - 4*l - 5*l + 1 - 2 - l**3 - 1. Let u be k(-7). Let b = -122 - -182. Calculate the greatest common divisor of u and b.
12
Suppose 4*w - 3*w = 57. Let l = w - 27. Calculate the highest common factor of 30 and l.
30
Let t = 127 - 115. What is the highest common factor of 4 and t?
4
Suppose -4*v = -2*g + 122, 4*v + 0*v = 3*g - 123. Let n = v + 82. Calculate the greatest common divisor of 13 and n.
13
Let z = -67 - -74. Suppose -z*q = -3486 + 1176. Calculate the greatest common factor of q and 30.
30
Let m be 0 + 0 + 1404/4. What is the greatest common factor of 13 and m?
13
Let n be 420/75*(62/4 + 2). Let r = n - 10. What is the greatest common factor of r and 66?
22
Suppose -2659 = -10*j + 5*j - 2*m, 2680 = 5*j - 5*m. What is the greatest common factor of j and 41?
41
Let q be (88/(-6))/((-1)/3). Let w(k) = k**3 - 3*k**2 + 41*k - 321. Let p be w(6). Calculate the highest common divisor of p and q.
11
Let c be (-352)/(-7) - 10/35. Calculate the highest common factor of c and 150.
50
Let t = 36 + 40. Let u = t - 45. Calculate the highest common divisor of 310 and u.
31
Suppose -3*l - 6*w + 16 = -w, 2 = -3*l + 4*w. What is the highest common divisor of 4 and l?
2
Let f(n) = 44*n + 168. Let l be f(-3). Calculate the greatest common divisor of 636 and l.
12
Let l(b) = -b**2 - 6*b + 16. Let k be l(-4). What is the greatest common factor of k and 136?
8
Let o be 1/(-9) - (-952)/306. Calculate the greatest common divisor of 267 and o.
3
Suppose 124 = 8*p + 36. Let t(q) = q**3 - 10*q**2 - 13*q + 26. Let v be t(p). Calculate the highest common divisor of v and 16.
4
Let v = 32 + -29. Let z be 78/(-52)*(-44)/v. Calculate the highest common divisor of z and 22.
22
Let h(b) be the first derivative of b**3/3 + b**2/2 + 5*b + 1. Let t be h(4). What is the highest common divisor of t and 275?
25
Suppose -12*g + 4 + 44 = 0. What is the greatest common factor of g and 64?
4
Suppose -k - 3 = -7. Suppose -2*g + 0*g = k*r - 138, 0 = -5*g + 5*r + 390. Let s = g - 45. Calculate the highest common divisor of 30 and s.
30
Let b = 7 - -6. Calculate the greatest common divisor of b and 416.
13
Let s be (4*1)/(2/55). Let b be (-182)/21 - 4/3. Let p be (-8)/b*(-330)/(-6). What is the greatest common factor of s and p?
22
Suppose 11*g + 60 = 16*g. Calculate the highest common factor of 28 and g.
4
Let g be 18 + -1 - (-6)/2. Let a(h) = 3*h - 33. Let o be a(6). Let q = g - o. Calculate the highest common divisor of 5 and q.
5
Suppose 17*a - 63*a = -39376. What is the greatest common factor of a and 321?
107
Let m(f) = 4*f - 7. Let t be m(3). Suppose -4*d + 17 = -0*d - t*l, -2*l - 26 = -4*d. What is the greatest common divisor of d and 8?
8
Let x(u) = u**2 + 8*u + 2. Let h be x(-8). Let y be -1 - 14/(-4)*h. Let p = 171 - 165. Calculate the greatest common factor of y and p.
6
Let z = 105 - 103. What is the greatest common divisor of 8 and z?
2
Let b be (-1)/(-3)*-2*-6. Suppose 0 = 6*o - 19 - 5. What is the highest common divisor of b and o?
4
Let a = -232 - -240. Calculate the greatest common factor of 384 and a.
8
Suppose 26*i - 220 = -64. Calculate the highest common divisor of i and 14.
2
Let v(j) = -14*j**2 + 2*j + 1. Let m be v(-1). Let n be 1106/30 + (-2)/m. Suppose -13 = 3*u - n. What is the highest common divisor of 32 and u?
8
Let f(h) = -28*h. Let a be f(-4). Suppose 2*o + 2*o = a. Calculate the greatest common divisor of 21 and o.
7
Suppose 0 = -2*p + 5*y + 309, -5*y = -3 + 8. Calculate the highest common factor of p and 8.
8
Suppose 0 = 5*h + h - 78. Suppose 4*z - 8 = -2*u, 3*z - 6 = -2*u + 5*u. Suppose u = 4*n - h + 5. What is the highest common divisor of n and 22?
2
Suppose -4*v = z + 2*z - 18, 4*v + 6 = z. What is the greatest common factor of 57 and z?
3
Let m(y) = -y**3 + 2*y**2 + 3*y + 4. Let t be m(3). Suppose 2*n 